{"id":23,"date":"2017-03-30T15:32:26","date_gmt":"2017-03-30T14:32:26","guid":{"rendered":"http:\/\/casaruralorenetes.cat\/?page_id=23"},"modified":"2024-09-29T17:49:27","modified_gmt":"2024-09-29T16:49:27","slug":"la-casa","status":"publish","type":"page","link":"https:\/\/casaruralorenetes.cat\/index.php\/la-casa\/","title":{"rendered":"La Casa Gran"},"content":{"rendered":"<p><img loading=\"lazy\" decoding=\"async\" class=\" wp-image-192 alignright\" src=\"http:\/\/casaruralorenetes.cat\/wp-content\/uploads\/2017\/03\/4.menjador_CASA.jpg\" alt=\"\" width=\"551\" height=\"367\" srcset=\"https:\/\/casaruralorenetes.cat\/wp-content\/uploads\/2017\/03\/4.menjador_CASA.jpg 692w, https:\/\/casaruralorenetes.cat\/wp-content\/uploads\/2017\/03\/4.menjador_CASA-300x200.jpg 300w\" sizes=\"auto, (max-width: 551px) 100vw, 551px\" \/><\/p>\n<p><strong>Per contactar al correu electr\u00f2nic: <a href=\"mailto:lesorenetes07@gmail.com\" target=\"_blank\" rel=\"noopener\">lesorenetes07@gmail.com<\/a> o pel tel\u00e8fon: (+34) 649 914 991<\/strong><\/p>\n<p style=\"text-align: left;\">Habitatge de dues plantes estructurat com les tradicionals cases de pag\u00e8s de la contrada. A la planta baixa hi trobem el cancell el qual d\u00f3na pas a l\u2019entrada i seguidament al menjador; aquest, de m\u00e9s de 40m\u00b2, disposa d\u2019una llar de foc, amplis i c\u00f2modes sof\u00e0s i una taula per a realitzar xerrades i convencions de tota mena. En aquesta planta tamb\u00e9 hi trobem un petit lavabo, una sala de jocs per als infants i la cuina, equipada amb microones, rentaplats i aspiradora, entre altres electrodom\u00e8stics.<br \/>\nDes del menjador es pot sortir a l\u2019\u00e0mplia eixida, de quasi 125m\u00b2, la qual est\u00e0 enjardinada i complementada amb una barbacoa i mobiliari de jard\u00ed.<br \/>\nA la part central del primer pis hi trobem una sala, la qual fa de distribu\u00efdor de quatre habitacions dobles i dos banys complerts. Des d\u2019una habitaci\u00f3 de matrimoni s\u2019arriba a la terrassa des d\u2019on es pot contemplar una magn\u00edfica panor\u00e0mica de les vinyes i l\u2019entorn.<\/p>\n<p><img loading=\"lazy\" decoding=\"async\" class=\"alignright size-full wp-image-24\" src=\"http:\/\/casaruralorenetes.cat\/wp-content\/uploads\/2017\/03\/casa.jpg\" alt=\"\" width=\"550\" height=\"368\" srcset=\"https:\/\/casaruralorenetes.cat\/wp-content\/uploads\/2017\/03\/casa.jpg 550w, https:\/\/casaruralorenetes.cat\/wp-content\/uploads\/2017\/03\/casa-300x201.jpg 300w\" sizes=\"auto, (max-width: 550px) 100vw, 550px\" \/><\/p>\n<p><a href=\"http:\/\/casaruralorenetes.cat\/index.php\/fotos-de-la-casa\/\"><strong>Veure fotografies de La Casa Gran<\/strong><\/a><\/p>\n","protected":false},"excerpt":{"rendered":"<p>Per contactar al correu electr\u00f2nic: lesorenetes07@gmail.com o pel tel\u00e8fon: (+34) 649 914 991 Habitatge de dues plantes estructurat com les tradicionals cases de pag\u00e8s de la contrada. A la planta baixa hi trobem el cancell el qual d\u00f3na pas a l\u2019entrada i seguidament al menjador; aquest, de m\u00e9s de 40m\u00b2, disposa d\u2019una llar de foc, [&hellip;]<\/p>\n","protected":false},"author":1,"featured_media":125,"parent":0,"menu_order":0,"comment_status":"closed","ping_status":"closed","template":"","meta":{"footnotes":""},"class_list":["post-23","page","type-page","status-publish","has-post-thumbnail","hentry"],"_links":{"self":[{"href":"https:\/\/casaruralorenetes.cat\/index.php\/wp-json\/wp\/v2\/pages\/23","targetHints":{"allow":["GET"]}}],"collection":[{"href":"https:\/\/casaruralorenetes.cat\/index.php\/wp-json\/wp\/v2\/pages"}],"about":[{"href":"https:\/\/casaruralorenetes.cat\/index.php\/wp-json\/wp\/v2\/types\/page"}],"author":[{"embeddable":true,"href":"https:\/\/casaruralorenetes.cat\/index.php\/wp-json\/wp\/v2\/users\/1"}],"replies":[{"embeddable":true,"href":"https:\/\/casaruralorenetes.cat\/index.php\/wp-json\/wp\/v2\/comments?post=23"}],"version-history":[{"count":14,"href":"https:\/\/casaruralorenetes.cat\/index.php\/wp-json\/wp\/v2\/pages\/23\/revisions"}],"predecessor-version":[{"id":1117,"href":"https:\/\/casaruralorenetes.cat\/index.php\/wp-json\/wp\/v2\/pages\/23\/revisions\/1117"}],"wp:featuredmedia":[{"embeddable":true,"href":"https:\/\/casaruralorenetes.cat\/index.php\/wp-json\/wp\/v2\/media\/125"}],"wp:attachment":[{"href":"https:\/\/casaruralorenetes.cat\/index.php\/wp-json\/wp\/v2\/media?parent=23"}],"curies":[{"name":"wp","href":"https:\/\/api.w.org\/{rel}","templated":true}]}}

<p><img loading="lazy" decoding="async" class=" wp-image-192 alignright" src="http://casaruralorenetes.cat/wp-content/uploads/2017/03/4.menjador_CASA.jpg" alt="" width="551" height="367" srcset="https://casaruralorenetes.cat/wp-content/uploads/2017/03/4.menjador_CASA.jpg 692w, https://casaruralorenetes.cat/wp-content/uploads/2017/03/4.menjador_CASA-300x200.jpg 300w" sizes="auto, (max-width: 551px) 100vw, 551px" /></p>
<p><strong>Per contactar al correu electrònic: <a href="mailto:lesorenetes07@gmail.com" target="_blank" rel="noopener">lesorenetes07@gmail.com</a> o pel telèfon: (+34) 649 914 991</strong></p>
<p style="text-align: left;">Habitatge de dues plantes estructurat com les tradicionals cases de pagès de la contrada. A la planta baixa hi trobem el cancell el qual dóna pas a l’entrada i seguidament al menjador; aquest, de més de 40m², disposa d’una llar de foc, amplis i còmodes sofàs i una taula per a realitzar xerrades i convencions de tota mena. En aquesta planta també hi trobem un petit lavabo, una sala de jocs per als infants i la cuina, equipada amb microones, rentaplats i aspiradora, entre altres electrodomèstics.<br />
Des del menjador es pot sortir a l’àmplia eixida, de quasi 125m², la qual està enjardinada i complementada amb una barbacoa i mobiliari de jardí.<br />
A la part central del primer pis hi trobem una sala, la qual fa de distribuïdor de quatre habitacions dobles i dos banys complerts. Des d’una habitació de matrimoni s’arriba a la terrassa des d’on es pot contemplar una magnífica panoràmica de les vinyes i l’entorn.</p>
<p><img loading="lazy" decoding="async" class="alignright size-full wp-image-24" src="http://casaruralorenetes.cat/wp-content/uploads/2017/03/casa.jpg" alt="" width="550" height="368" srcset="https://casaruralorenetes.cat/wp-content/uploads/2017/03/casa.jpg 550w, https://casaruralorenetes.cat/wp-content/uploads/2017/03/casa-300x201.jpg 300w" sizes="auto, (max-width: 550px) 100vw, 550px" /></p>
<p><a href="http://casaruralorenetes.cat/index.php/fotos-de-la-casa/"><strong>Veure fotografies de La Casa Gran</strong></a></p>

<p>Per contactar al correu electrònic: lesorenetes07@gmail.com o pel telèfon: (+34) 649 914 991 Habitatge de dues plantes estructurat com les tradicionals cases de pagès de la contrada. A la planta baixa hi trobem el cancell el qual dóna pas a l’entrada i seguidament al menjador; aquest, de més de 40m², disposa d’una llar de foc, [&hellip;]</p>
