{"id":239,"date":"2018-07-05T14:29:09","date_gmt":"2018-07-05T13:29:09","guid":{"rendered":"http:\/\/casaruralorenetes.cat\/?page_id=239"},"modified":"2018-07-05T14:29:23","modified_gmt":"2018-07-05T13:29:23","slug":"politica-de-proteccio-de-dades","status":"publish","type":"page","link":"https:\/\/casaruralorenetes.cat\/index.php\/politica-de-proteccio-de-dades\/","title":{"rendered":"Pol\u00edtica de Protecci\u00f3 de Dades"},"content":{"rendered":"<p>En cumplimiento del REGLAMENTO (UE) 2016\/679 DEL PARLAMENTO EUROPEO Y DEL CONSEJO de 27 de Abril de 2016, relativo a la protecci\u00f3n de las personas f\u00edsicas en lo que respecta al tratamiento de datos personales y a la libre circulaci\u00f3n de estos datos y su normativa de desarrollo, se le informa que los datos personales proporcionados por usted ser\u00e1n tratados con la finalidad de facilitar la informaci\u00f3n solicitada acerca nuestros tours, gestionar su reserva, as\u00ed como la de dar contestaci\u00f3n y gestionar sus comentarios y sugerencias.<br \/>\nA trav\u00e9s de la cumplimentaci\u00f3n de formularios de contacto de la Web o mediante el env\u00edo de correos electr\u00f3nicos o cualquier otro tipo de solicitud de informaci\u00f3n remitida a Casa rural Les Orenetes, el interesado presta su consentimiento expreso para el tratamiento de sus datos personales.<br \/>\nEn ning\u00fan caso Casa rural Les Orenetes, utilizar\u00e1 los datos personales de los interesados para fines distintos de los anteriormente mencionados, ni los comunicar\u00e1 a terceros sin el consentimiento previo y expreso del afectado, y se compromete a guardar el debido secreto profesional y a establecer las medidas t\u00e9cnicas y organizativas necesarias para salvaguardar la informaci\u00f3n conforme a los requerimientos que establece el mencionado Reglamento.<br \/>\nSus datos personales se conservar\u00e1n en nuestros registros durante un periodo de dos a\u00f1os. No obstante, en cualquier momento usted puede solicitar el acceso a sus datos personales y su rectificaci\u00f3n o supresi\u00f3n. As\u00ed como, limitar su tratamiento, o directamente oponerse al tratamiento o ejercer el derecho a la portabilidad de los mismos.<br \/>\nTambi\u00e9n le informamos de su derecho a presentar una reclamaci\u00f3n ante la Agencia Espa\u00f1ola de Protecci\u00f3n de Datos, si considera que en el tratamiento de sus datos no se est\u00e1n respetando sus derechos.<br \/>\nIdentidad del responsable (contacto): Casa rural Les Orenetes, Hostal 12, Sant Jaume dels Domenys (Tarragona).<br \/>\nPol\u00edtica de protecci\u00f3n de menores. Quien facilita los datos a trav\u00e9s de los formularios de esta Web y acepta su tratamiento declara formalmente ser mayor de 14 a\u00f1os.<br \/>\nQueda prohibido el acceso y uso del portal a los menores de 14 a\u00f1os de edad.<br \/>\nCasa rural Les Orenetes recuerda a las personas mayores de edad que tengan a su cargo menores, que ser\u00e1 de su exclusiva responsabilidad si alg\u00fan menor incorpora sus datos para solicitar alg\u00fan producto.<br \/>\nTambi\u00e9n les informa que existen programas inform\u00e1ticos para acotar la navegaci\u00f3n mediante el filtro o bloqueo a determinados contenidos.<\/p>\n","protected":false},"excerpt":{"rendered":"<p>En cumplimiento del REGLAMENTO (UE) 2016\/679 DEL PARLAMENTO EUROPEO Y DEL CONSEJO de 27 de Abril de 2016, relativo a la protecci\u00f3n de las personas f\u00edsicas en lo que respecta al tratamiento de datos personales y a la libre circulaci\u00f3n de estos datos y su normativa de desarrollo, se le informa que los datos personales [&hellip;]<\/p>\n","protected":false},"author":1,"featured_media":0,"parent":0,"menu_order":0,"comment_status":"closed","ping_status":"closed","template":"","meta":{"footnotes":""},"class_list":["post-239","page","type-page","status-publish","hentry"],"_links":{"self":[{"href":"https:\/\/casaruralorenetes.cat\/index.php\/wp-json\/wp\/v2\/pages\/239","targetHints":{"allow":["GET"]}}],"collection":[{"href":"https:\/\/casaruralorenetes.cat\/index.php\/wp-json\/wp\/v2\/pages"}],"about":[{"href":"https:\/\/casaruralorenetes.cat\/index.php\/wp-json\/wp\/v2\/types\/page"}],"author":[{"embeddable":true,"href":"https:\/\/casaruralorenetes.cat\/index.php\/wp-json\/wp\/v2\/users\/1"}],"replies":[{"embeddable":true,"href":"https:\/\/casaruralorenetes.cat\/index.php\/wp-json\/wp\/v2\/comments?post=239"}],"version-history":[{"count":1,"href":"https:\/\/casaruralorenetes.cat\/index.php\/wp-json\/wp\/v2\/pages\/239\/revisions"}],"predecessor-version":[{"id":240,"href":"https:\/\/casaruralorenetes.cat\/index.php\/wp-json\/wp\/v2\/pages\/239\/revisions\/240"}],"wp:attachment":[{"href":"https:\/\/casaruralorenetes.cat\/index.php\/wp-json\/wp\/v2\/media?parent=239"}],"curies":[{"name":"wp","href":"https:\/\/api.w.org\/{rel}","templated":true}]}}